isor of v and 6?
6
Suppose 5*w - 2*y - 461 = 496, -5*w + 951 = -y. Calculate the highest common divisor of w and 26271.
189
Let q be 1 - 9*-3 - -2. Suppose -86 = -b + 48. Let w = -59 + b. Calculate the highest common factor of q and w.
15
Let c = -4291 - -4635. Calculate the greatest common divisor of c and 16.
8
Let p(k) = k**3 - 34*k**2 - 72*k + 13. Let m be p(36). Suppose 6*l = -m*l + 2660. What is the greatest common factor of l and 42?
14
Suppose -21*t = -19*t - 62. Let n(j) = 62*j + 31. Let w be n(5). Calculate the highest common divisor of t and w.
31
Let v(u) = -u**3 + 28*u**2 - 91*u + 556. Let j be v(25). What is the highest common factor of 11778 and j?
78
Let f(o) = -3*o**2 + 2*o - 8. Let g be f(10). Let v = g + 409. Suppose 2*i - z = 242, i - v = -0*i - 5*z. Calculate the greatest common factor of 11 and i.
11
Suppose -8*o = 1164 - 2156. Let q = 161 - 99. Calculate the greatest common factor of q and o.
62
Suppose 0 = -5*b + q - 3 - 39, -3*b = 2*q + 20. Let m be b - -4 - -33*20. Calculate the greatest common factor of m and 16.
16
Let o = 12539 + -11019. What is the highest common factor of 57 and o?
19
Let m = -79106 + 115298. What is the greatest common factor of 58 and m?
58
Suppose 53*m - 86916 = 22794. What is the greatest common factor of 46 and m?
46
Suppose 0 = -7*i - 5 + 131. Suppose -4 = -i*s + 50. What is the greatest common factor of s and 27?
3
Let q be -1*37/(-13) + 14/91. Suppose -15*w - q*k = -11*w - 103, 41 = 2*w + 5*k. Calculate the greatest common factor of w and 88.
4
Suppose -80*v + 1904 = -35*v - 43*v. Calculate the highest common factor of v and 1496.
136
Suppose -2*s = 2*m - 22, 2*s - 1 = -m + 6*m. Let z(w) = -11*w + 6*w + s*w. Let k be z(8). Calculate the greatest common divisor of 3 and k.
3
Suppose 19*o - 178 = 2900. Let a be ((-434)/(-124))/(-2 + 325/o). Calculate the greatest common factor of a and 63.
63
Let q = 39 + -78. Let j = -24 - q. Suppose -510*s = -318*s - 2880. Calculate the greatest common divisor of s and j.
15
Let x = -2302 + 3504. What is the highest common divisor of x and 2?
2
Let t be -6*2*4/(-6). Let p(g) = -t + 2 + 5*g - 28*g - 28*g. Let j be p(-3). What is the highest common divisor of 21 and j?
21
Let j be 8/48 - (1927/6)/1. Let f be 4 - j - (3 + -8). What is the highest common divisor of 30 and f?
30
Let c be 180/3*(1 - -1). Let k be (-3198)/(-16) - ((-2479)/(-296))/(-67). What is the highest common divisor of k and c?
40
Suppose 8*k = 76 + 132. Let r be (-52)/24*(1 - 13). What is the highest common divisor of r and k?
26
Let p = -678 + 713. Suppose -r - 3*z + p = 0, 119 + 21 = 4*r + z. What is the highest common factor of r and 455?
35
Let z(i) = -i**3 + 47*i**2 - 88*i - 18. Let c be z(45). What is the highest common divisor of c and 3204?
36
Suppose 3*z = 4*f - 43373, -71*f - 32511 = -74*f - 4*z. Calculate the greatest common divisor of f and 111.
37
Let d = 6571 + 389. Calculate the highest common divisor of 16 and d.
16
Suppose 65*y - 66*y + 367 = l, -3*y + 1106 = -2*l. What is the highest common factor of y and 920?
184
Let x(t) = -t**2 - 540*t - 7330. Let r be x(-14). What is the highest common factor of 4352 and r?
34
Let k(a) = -a**3 - 16*a**2 + 9*a - 16. Let q be k(-17). Let n = -136 - -226. What is the greatest common factor of n and q?
30
Let g(f) = 10*f**2 - 7*f - 12. Let t be g(-6). Suppose 4*v = -2*q + 300, -45*v = -49*v - 12. What is the highest common divisor of q and t?
78
Let f = 7484 - 7266. What is the greatest common factor of f and 21146?
218
Suppose -u + w = -58, 2*u - 98 = 3*w - 7*w. Let a = -64 + u. Let i be (-18)/a - (1 - (0 + 1)). What is the greatest common factor of i and 14?
2
Let l(j) = 2*j**3 + 13*j**2 - 11*j - 13. Let o be l(-7). Let f = 159 - 158. Calculate the greatest common divisor of o and f.
1
Suppose 4*w - 396 = -6*a, -2*a + 110 = 166*w - 161*w. Calculate the greatest common divisor of 6405 and a.
35
Let x be (214/(-4))/(-2*(13 + 153/(-12))). What is the highest common divisor of x and 4?
1
Suppose -18 = -2*m + 2*c, -5*c = 4*m - 0*c - 45. Let i(b) = -502*b + 2730. Let u be i(5). Calculate the highest common divisor of u and m.
10
Let t be -17 + (26888 - 294/21). What is the greatest common divisor of 107 and t?
107
Let h be 14/(-119) + (-770)/(-187) + 2. Calculate the highest common divisor of h and 543.
3
Let k = 6344 - 4854. Calculate the highest common divisor of 447 and k.
149
Let o = 1313 + 3384. Calculate the highest common factor of 154 and o.
77
Let p be -13 + 12 + 27/(-9) + 0 + 238. Let k(o) = -o**2 - 14*o + 7. Let i be k(-9). Calculate the highest common factor of i and p.
26
Let g(y) = -y**2 + 35*y + 505. Let o be g(34). Calculate the highest common divisor of 3080 and o.
77
Let r(m) = -8*m - 3. Let c be r(-6). Let g(q) = 3*q**3 + 25*q**2 + 41*q + 100. Let p be g(-7). Calculate the highest common divisor of c and p.
9
Let h be (-7)/(-7 - -21)*-112. What is the greatest common factor of 3304 and h?
56
Suppose 4*r + 15 = -r. Let n be r/((8 + -4)/(-4)). Let z be ((-2)/n + 0)/(9/(-1701)). What is the greatest common factor of z and 18?
18
Let f = 43 - 39. Suppose -4*m + 0*m = -f*s + 156, m = 4*s - 48. Let h = m + 45. What is the highest common factor of 1 and h?
1
Suppose -h + 35 = -3*c, -4*h + c = h - 259. What is the greatest common divisor of h and 4399?
53
Let g(s) = s**3 - 43*s**2 - 661*s + 167. Let q be g(55). What is the greatest common divisor of q and 1603?
7
Let i(k) = k**2 + 7*k + 9. Let s be i(-8). Let d = s + 68. Suppose o - y - 11 = d, -5*o + 483 = -4*y. What is the highest common factor of o and 22?
11
Let w be (11/((-55)/2))/(21783/(-3630) + 6). Calculate the greatest common factor of w and 11.
11
Suppose -5*l + 70 = -h, 0 = 5*l + 5*h - 9*h - 55. What is the highest common divisor of l and 2140?
5
Let p(q) = -q + 20. Let a be p(-10). Let u be (16/20)/(4/a). Suppose 66 = 3*n - 2*n. What is the greatest common divisor of n and u?
6
Let u be (-6)/15 - (-5 + (-8)/30*24). Calculate the greatest common factor of u and 5489.
11
Suppose 603*j - 595*j = 132088. Calculate the highest common factor of 418 and j.
209
Let w = 14676 + -10056. Calculate the highest common factor of w and 84.
84
Let l be (234/(-36))/((-1)/64). Suppose 45 + 3 = 2*f + w, -f - 3*w + 14 = 0. Calculate the greatest common factor of f and l.
26
Suppose -8*a + 12170 = -23038. What is the greatest common factor of a and 1141?
163
Suppose 2657 = 201*b - 2167. What is the greatest common divisor of 9528 and b?
24
Let x be 3/7 - 20/(-35). Suppose -i + 103 = 4*f, 2*i + i - 9 = 0. What is the highest common factor of x and f?
1
Let v be -1 - (2 + (-2355)/5*(-12)/(-18)). What is the greatest common divisor of 311 and v?
311
Let d = 28 + -19. Suppose -266*r - 732 = -3*b - 265*r, 5*r = -2*b + 471. Calculate the greatest common factor of d and b.
9
Let h(c) = -c**2 + 31*c - 44. Let b be h(12). What is the greatest common divisor of 24 and b?
8
Let f = 3202 - 3188. What is the greatest common divisor of f and 26614?
14
Suppose q + 19 = 68. Let n = 1667 - 1660. What is the highest common factor of n and q?
7
Let y be (1 - (-1 - -1)) + -44 + 108. Let l(s) = -2*s**3 - 6*s**2 - 2*s - 2. Let h be l(-4). Let p = -25 + h. Calculate the highest common factor of y and p.
13
Suppose -11368 = -29*i + 7053 - 5197. Calculate the greatest common factor of 168 and i.
24
Suppose 6*t - 6 + 0 = 0. Let r(p) = -p**3 + 8*p**2 + 16*p - 34. Let g be r(9). Suppose z + g + 42 = 4*x, z = t. What is the highest common factor of x and 90?
18
Suppose 0 = -5*b - 143 + 1123. Let k = -173 + b. What is the greatest common factor of 4 and k?
1
Let g be ((-33)/(-88))/(6/(-8))*(-16)/2. Calculate the highest common divisor of 530 and g.
2
Suppose -12*y + 10*y - 4*v = -30, 0 = 5*y - 5*v - 120. Suppose 20 = -5*w, -19 - y = -4*a + 3*w. What is the highest common divisor of 7 and a?
7
Let k(n) = 139*n**2 - 47*n - 42. Let r be k(-1). Let c = -4 - -6. Suppose 3*m = c*m + 36. What is the highest common factor of r and m?
36
Let y(r) = -18*r + 4. Let g be y(-3). Suppose -4*f - 4*f = 0. Let t be (1 - 30)/(f - 1). What is the greatest common divisor of t and g?
29
Suppose 2*z = -4*n + 36, 3*n + 1 = -5. Let d = -22 + z. Suppose 7*y - 11*y + 76 = d. Calculate the greatest common factor of 171 and y.
19
Let a be 1